et a(o) = o**3 + o**2 + 2. Suppose -5*g = -2*g. Let d be a(g). Let r(v) = 5*v - 2 - v + v**d - v. Give r(-2).
-4
Let o(d) = 4*d + 2*d - 5*d + 3. Suppose 0*u - 5*k - 1 = 2*u, -4*u - 17 = -5*k. Give o(u).
0
Let f = 0 - -2. Let m(j) = 1 + 0*j - 2 - 2 + 3*j. Determine m(f).
3
Let n(i) = -i + 7. Let m(t) = t - 2. Let v be m(6). Let s be (-5 - -4) + v + 1. Determine n(s).
3
Let n(f) = -f**3 + 7*f**2 - 12*f + 5. Let y be n(5). Let l(a) = -a**2 - 4*a - 4. Determine l(y).
-9
Suppose 0 = -5*q + 2*x + 34, -20 = -4*q - x - x. Let n(j) be the second derivative of j**5/20 - 5*j**4/12 - 7*j**3/6 + 2*j**2 - 23*j. Give n(q).
-2
Let d(r) be the second derivative of r**3/6 + 8*r. Suppose -4*a - 9 = 11. Determine d(a).
-5
Suppose 4*k + 16 = 0, 3*k + 15 = 4*w - 1. Let u = 40 - w. Suppose -5*p + u - 9 = 0. Let f(h) = h**3 - 7*h**2 + 8*h - 9. Determine f(p).
3
Let c(z) = 2*z**2 + 4*z - 5 - 3*z**2 + 4*z. Give c(7).
2
Let o(a) = -14*a**3 + a**2. Suppose 0 = z + 4*z + 4*x - 7, 5*x = -10. Let s be 4/(-12) + (-2)/z. Determine o(s).
15
Let t(s) be the second derivative of -s**7/840 - s**6/60 + s**5/40 + 7*s**4/24 - 7*s**3/6 - s. Let x(c) be the second derivative of t(c). Calculate x(-6).
-11
Let u(g) be the third derivative of g**4/24 + g**3/3 + 2*g**2 - 8*g. Determine u(0).
2
Let x(h) be the second derivative of -h + 0 + 1/12*h**4 - 1/2*h**3 - h**2. Let b be (1 - 4) + 1/1. What is x(b)?
8
Let f(b) be the first derivative of 0*b**3 + 0*b - 1/24*b**4 + 1 + b**2. Let g(o) be the second derivative of f(o). Calculate g(-1).
1
Let w = 0 - 0. Let o(b) = 15*b**2 + 8*b - 4. Let q(c) = -13*c**2 - 7*c + 4. Let m(g) = -6*o(g) - 7*q(g). Calculate m(w).
-4
Let i(j) = -5*j**3 + j**2 - 3*j - 1. Let h(k) = k**2 - k. Let s(m) = 2*h(m) - i(m). Give s(-1).
-4
Let f(n) = 4*n + 4. Let m be f(4). Let i = m + -14. Let w(u) = u**2 - 4*u - 8. What is w(i)?
4
Suppose -4*z + z + 4*r = 16, 5*z = -2*r + 8. Let f(u) = 2 + z*u + u**2 + 4*u + u. Determine f(-5).
2
Suppose 2*q + 10 = -0*q. Let b(v) = -v**2 - v + 6. Calculate b(q).
-14
Suppose 0 = -2*t + 4*s - 6, 0 = -t + 2*t + 5*s - 11. Let h(f) be the second derivative of -f**4/3 + f**2/2 + 2*f. Give h(t).
-3
Suppose -y + 1 = -i + 2, -i - 3 = -5*y. Suppose 0 + 6 = i*g. Suppose 5*r - g*u = -28, 6*u = 3*r + 3*u + 18. Let b(q) = q - 3. Calculate b(r).
-8
Let t(d) = 3*d - d - 2*d**3 + d**3 + 4*d - 4 - 6*d**2. What is t(-7)?
3
Let b(o) be the first derivative of o**6/360 + o**5/20 + o**4/4 - 2*o**3/3 - 2. Let l(c) be the third derivative of b(c). Give l(-4).
-2
Let m(a) = -2*a**2 + 3*a**2 + a + 0*a**2. Let l(b) = 1 - b + 8*b + b**2 + 4 - 1. Let y be l(-6). Calculate m(y).
2
Let k = -6 - -8. Let f be (-4)/(-6) + 4/(-6). Suppose -k*d + d = f. Let s(l) = -l**2 - 1. Calculate s(d).
-1
Let m(a) = 4*a - 3*a + 0*a. What is m(-5)?
-5
Let f(k) = -10*k - 1. Let y = 96 - 99. Calculate f(y).
29
Let h(v) = -2*v + 3 + 0 + 2*v**2 - v**3 - 2. Let d(m) = -m**2 - 9*m + 2. Let x be d(-9). Give h(x).
-3
Let o = 58 + -63. Let k(d) = d**3 + 4*d**2 - 4*d. What is k(o)?
-5
Let b(z) = z + 6. Suppose -3 + 1 = -g, p = -5*g + 10. Suppose 2*t - 3*a - 5 - 2 = p, -a = t + 9. What is b(t)?
2
Let w(i) = i + 1. Suppose -5*t + 5*v = -4*t + 21, -2*t - 4*v + 28 = 0. Let p be (-4)/t + 1*4. Let k(m) = -4*m - 4. Let r(a) = p*w(a) + k(a). What is r(-6)?
5
Let a(m) be the third derivative of m**4/8 - m**3/3 - 24*m**2. Suppose -5*t + 2 = -s - s, t - 18 = -4*s. Calculate a(t).
4
Let z(v) be the second derivative of 1/30*v**5 + v + 0*v**2 - 1/8*v**4 + 0 - 1/3*v**3. Let r(s) be the second derivative of z(s). Calculate r(2).
5
Let q(b) = b**3 - 2*b**2 - 1. Let w be (-65)/(-10) - (-2)/(-4). Suppose w = -2*i + 12. Calculate q(i).
8
Let j(q) = -3*q + 3. Suppose 3*l = -3, -3*o + l = 5*l + 1. Let r be o*(-2)/((-6)/9). Calculate j(r).
-6
Suppose 0 = -5*x - 5*t + 10, 3*t = 4*t. Let k(p) = 5*p**2 + 4 - p**3 - 7 - x + 0*p**2. What is k(5)?
-5
Let p = -37 - -26. Let k = 13 + p. Let l(g) = 2 - 1 - 7*g**k - g**2 - 2*g**2. Calculate l(-1).
-9
Let j(h) = -2*h**2 - 3*h - 3. Let z(m) = m**2 + 3*m + 1. Let b be z(-4). Suppose 0 = -b*d - 0*d - 10. What is j(d)?
-5
Let j(h) = 2*h - 3. Let i be j(5). Let c = -5 + i. Suppose -c*l + 8 = -0. Let z(r) = -r + 2. Give z(l).
-2
Suppose 0*w = w. Suppose -3*z = -y + 20 + 16, -5*y - 5*z + 80 = w. Suppose 3*h + 2*f + 18 = 1, 3*f = -3*h - y. Let b(v) = -v - 1. Give b(h).
2
Let m(l) = -5*l**2 + 1. Let y(h) = -h**2. Let q(g) = -m(g) + 6*y(g). What is q(2)?
-5
Let k(v) = 2*v + 9. Suppose -2*s = 2*s - 48. Suppose -a - a = s. Calculate k(a).
-3
Let x be -9*((-2)/(-6))/(-1). Let c(n) = n + 5. Let y be c(-11). Let p(z) = -z + 1. Let k(t) = 3*t - 4. Let a(l) = y*k(l) - 17*p(l). What is a(x)?
4
Let z(a) = -a + 7. Suppose -11*b + 25 = -6*b. Give z(b).
2
Let i(r) = 3*r**2 - 6*r + 4. Let t(k) = -2*k**2 + 7*k - 3. Let j(b) = -3*i(b) - 4*t(b). Let m be j(-10). Let p(s) = s**3 + s**2 + s - 12. What is p(m)?
-12
Suppose -4*h = -h + 4*v - 18, 0 = 3*h + 2*v - 12. Let s(c) = -6*c + 0*c**2 + c**2 + 1 + h. Suppose 5*a = 26 - 6. Determine s(a).
-5
Let k(c) = c + 2. Let x = -6 + 8. Suppose 2*b - 4*i = -x*b - 40, -3*i = -12. What is k(b)?
-4
Let k(v) = 3*v**2 + 4*v - v**2 - 7*v. Give k(2).
2
Let b(j) = j. Suppose 3*v + 2*i = 0, 14 = -11*v + 15*v - 2*i. Determine b(v).
2
Let q(p) = 5*p**2 - 14*p - 9. Let z(c) = 4*c**2 - 13*c - 8. Let h(y) = 5*q(y) - 6*z(y). Determine h(-7).
-4
Let y(n) = -n + 1. Let p(s) = -6*s - 10. Let x(i) = p(i) - 5*y(i). Calculate x(0).
-15
Let n(t) = t**3 + t**2 - 2*t - 1. Let x = -6 + 4. Let o be (0 - -3)*x/(-3). Let a be 0 - o*2/4. Determine n(a).
1
Suppose -2*b = -2*a, -2*a - b - 11 = -5. Let k(r) = -2*r**3 - 3*r**2 - 2*r. Calculate k(a).
8
Let i(g) = -4*g + 2*g - 3 + 3*g - 11. What is i(0)?
-14
Let z(x) = x**3 + x - 1. Let m(d) = 5*d**3 - 3*d**2 + 8*d - 9. Let q(u) = -m(u) + 6*z(u). Calculate q(-4).
-5
Let o be ((-4)/5)/((-1)/(-5)). Let l = o - -3. Let n(g) = -6*g**3 + g**2 + 2*g + 1. Determine n(l).
6
Suppose -2*u = -1 - 7. Let z(s) = -5*s - 1 - 2*s**2 + 3*s**2 + 0*s**2. What is z(u)?
-5
Let i(s) be the third derivative of s**5/30 + s**4/8 - 14*s**2. Suppose 30 = -7*h + 2*h + 3*r, -4*r = h - 17. Calculate i(h).
9
Let l(w) = -w**3 + 8*w**2 - 7*w + 4. Suppose 0 = -9*h + 11*h - 14. What is l(h)?
4
Suppose 0 = f - 3 - 1. Suppose s - f*s = -3. Let b(o) = -3*o**2 - o + 1. What is b(s)?
-3
Let k(n) = -18*n + 1. Let a(q) = -q**3 - 7*q**2 - 8*q + 11. Let o be a(-5). What is k(o)?
-17
Suppose 4*c - p - 8 = -1, 3*p = 4*c - 5. Let k(y) = -4*y**3 - 5*y**2 + 4*y**c + 2*y - y**3 - 1. Let q be (9 - 9) + (2 - 1). Determine k(q).
-5
Let f(m) be the second derivative of -1/40*m**5 + 0*m**2 + 0*m**3 + 0 + 1/360*m**6 + m + 1/4*m**4. Let a(l) be the third derivative of f(l). Calculate a(3).
3
Let h(s) = 8*s**2 + 0*s**3 - 6 + s**3 - 6*s - 4*s + 4. Calculate h(-9).
7
Let o(y) = -1 - 3*y - 2*y - 2 - 3 - y**2. Determine o(-4).
-2
Let c(h) = 2*h - 8. Let i(j) = -5*j**3 + 4*j**3 + j**2 - j - 1 + 0*j**2 + 2*j. Let r be i(-2). Let s be (-18)/(-4) - r/(-6). Calculate c(s).
4
Let x = 25 - 20. Let f(y) = y**2 - 5*y - 2. What is f(x)?
-2
Let i(b) = b**2. Let w(m) = -m**3 - 11*m**2 - 3*m - 6. Let f(v) = -6*i(v) - w(v). Determine f(-5).
-9
Let j(z) be the first derivative of -z**3/3 + 3*z**2/2 + 5*z - 5. Give j(4).
1
Let k(l) = -8 - 11 + 21 - 4*l. Give k(2).
-6
Let g(y) = -538 + 2*y**2 - 5*y + 538 - y**2. Determine g(5).
0
Let b(v) be the second derivative of -4*v**3 + v**2/2 + 6*v. What is b(1)?
-23
Let x(i) = i**3 + 4*i**2 + i - 1. Let l be 8/(-2 + 3 - 3). Give x(l).
-5
Suppose -173 = -4*l - 53. Suppose 6*i + 18 = 2*a + 2*i, -l = 5*a + 5*i. Let u(k) be the first derivative of k**2 - k - 1. Determine u(a).
-3
Let m(i) = i**2 - i - 5. Let p be (1/(-1))/(17/68). Determine m(p).
15
Let v(m) be the third derivative of -m**6/120 + m**5/60 - m**4/24 + m**2. Let a(t) = -3*t**3 + 3*t**2 - 5*t + 1. Let x(i) = a(i) - 4*v(i). What is x(2)?
3
Let r = 12 - 17. Let n(u) = 4*u + 17. Let t(i) = i + 4. Let k(l) = 2*n(l) - 9*t(l). Give k(r).
3
Let k be 35/(-5) + 8/2. Let x(b) = -3*b**3 + b**2 - 2*b - 1. Let a(d) = 4*d**3 - 2*d**2 + 3*d + 2. Let m(y) = k*x(y) - 2*a(y). What is m(0)?
-1
Let j(f) = -f**2 - 3*f. Let s = 9 + -2. Let g(t) = -t**2 - 7*t + 11. Let n be g(-8). Suppose -n*z - 5 = s. What is j(z)?
-4
Let h(r) = -13*r**2 - 6